- 24*m**2 + 45*m - 43. Calculate u(10).
7
Let a(r) = 2*r**2 - 26*r + 25. What is a(13)?
25
Let a(j) = -j**3 - 106*j**2 + 266*j + 5403. Give a(-108).
3
Let b(k) = -2*k**3 - 14*k**2 + 890*k + 6210. Determine b(-7).
-20
Let f(v) = v**2 - 3*v + 63. Calculate f(-24).
711
Let c(o) = -o**3 - 8*o**2 + 14*o + 151. Determine c(-5).
6
Let c(y) = -15*y + 84. Calculate c(11).
-81
Let s(y) = -518*y + 412. Calculate s(1).
-106
Let j(a) = -18*a**3 + 12*a**2 - 10*a - 1. Give j(1).
-17
Let q(v) = v**3 + 8*v**2 - 5*v + 38. Determine q(-9).
2
Let m(l) = -191*l + 122. Determine m(1).
-69
Let k(s) = s**3 - 2*s**2 - 98*s - 47. Give k(13).
538
Let c(w) = -991*w + 11908. Give c(12).
16
Let j(t) = 3*t**2 + 131*t - 680. Determine j(-49).
104
Let u(p) = -13723*p + 192122. Calculate u(14).
0
Let p(s) = s**3 + 25*s**2 - 4*s - 166. Give p(-24).
506
Let m(t) = 2*t**2 + 89*t - 452. Determine m(-49).
-11
Let o(m) = m**3 - 31*m**2 + 38*m - 404. What is o(31)?
774
Let g(j) = 13*j**3 + 53*j**2 - 2*j + 4. Calculate g(-4).
28
Let p(r) = 2*r**2 + 87*r - 44. What is p(-44)?
0
Let n(w) = 319*w + 2760. What is n(-7)?
527
Let b(o) = o**3 - 33*o**2 - 72*o + 73. Determine b(35).
3
Let v(t) = -8*t**2 - 326*t + 774. Give v(-43).
0
Let v(p) = p**3 - 50*p**2 - 103*p - 18. Give v(52).
34
Let c(h) = -2*h**2 - 40*h + 19. Calculate c(-21).
-23
Let a(c) = -93*c + 1491. What is a(15)?
96
Let a(m) = m**3 + 268*m**2 - 3045*m + 6697. What is a(-279)?
1
Let n(s) = 442*s - 3096. What is n(7)?
-2
Let o(d) = -d**3 + 3*d**2 + 7*d - 15. Give o(7).
-162
Let d(a) = -3*a**2 - 252*a - 4216. Give d(-23).
-7
Let n(l) = 2*l**2 - 10*l - 75. Determine n(12).
93
Let y(l) = 12*l**3 + 57*l**2 - 20*l - 10. Determine y(-5).
15
Let k(n) = 22*n + 97. Calculate k(-15).
-233
Let k(h) = h**3 + 17*h**2 - 20*h - 64. What is k(-17)?
276
Let w(x) = 576*x - 12093. Determine w(21).
3
Let k(x) = 6*x - 30. Calculate k(11).
36
Let u(a) = 581*a + 2976. Determine u(-6).
-510
Let v(b) = b**3 + 62*b**2 - 53*b + 485. Determine v(-63).
-145
Let d(n) = -2*n**2 - n + 895. Determine d(-21).
34
Let g(r) = -70*r - 2615. What is g(-41)?
255
Let i(s) = 2*s**2 - 24*s - 1199. Determine i(-19).
-21
Let q(h) = 683*h - 30772. What is q(45)?
-37
Let s(d) = -164*d + 314. Give s(2).
-14
Let z(w) = -w**3 - 25*w**2 + 29*w + 68. Give z(-26).
-10
Let b(l) = 115*l + 3793. What is b(-33)?
-2
Let s(r) = 42*r - 362. Give s(10).
58
Let l(c) = -1804*c - 12613. Calculate l(-7).
15
Let l(g) = -g**2 + 29*g - 94. What is l(16)?
114
Let l(a) = -125*a - 6131. Give l(-49).
-6
Let j(z) = 15*z + 859. Determine j(-59).
-26
Let j(x) = x**2 - 94*x - 3520. What is j(123)?
47
Let d(t) = t**2 - 10*t + 12. Calculate d(7).
-9
Let w(s) = -s**2 + 61*s - 720. Determine w(18).
54
Let k(p) = 22*p**2 - 577*p + 136. Give k(26).
6
Let b(z) = -z**2 + 55*z - 211. Determine b(4).
-7
Let b(g) = 3*g**2 + 120*g + 435. Give b(-4).
3
Let c(f) = 59*f - 369. Give c(-4).
-605
Let m(o) = -o + 37. What is m(-11)?
48
Let v(d) = 7*d**2 + 314*d + 939. Calculate v(-3).
60
Let x(h) = -5835*h + 3. What is x(0)?
3
Let h(d) = d**3 - 60*d**2 - 54*d - 415. Determine h(61).
12
Let w(j) = -3*j**2 - 10*j - 35. What is w(-4)?
-43
Let u(b) = -109*b - 440. Give u(-4).
-4
Let h(z) = -16*z**2 + 80*z - 68. Calculate h(4).
-4
Let w(t) = -11*t - 44. Determine w(-3).
-11
Let o(g) = 49*g - 1065. What is o(21)?
-36
Let o(q) = 689*q + 4837. Determine o(-7).
14
Let p(r) = r**2 + 126*r - 3933. What is p(26)?
19
Let a(f) = 10*f**3 + 217*f**2 - 27*f + 865. What is a(-22)?
7
Let d(t) = -12*t**2 + 15*t - 2. Calculate d(-7).
-695
Let d(i) = -5*i - 77. Give d(-21).
28
Let w(f) = -25*f**2 - 479*f - 7. Give w(-19).
69
Let h(g) = -9*g**2 + 202*g - 521. What is h(3)?
4
Let w(k) = -k**2 + 62*k - 981. What is w(33)?
-24
Let a(z) = -2*z**3 + 78*z**2 + z - 70. What is a(39)?
-31
Let s(f) = 2*f**3 + 13*f**2 - 20*f + 17. Give s(-8).
-15
Let q(i) = -22*i - 553. Determine q(-18).
-157
Let t(w) = 51*w**2 - 657*w - 816. Determine t(14).
-18
Let b(z) = -4*z - 485. What is b(-120)?
-5
Let t(s) = 2*s**2 - 126*s + 499. Calculate t(59).
27
Let a(b) = -b**3 - 51*b**2 - 64*b - 707. Calculate a(-50).
-7
Let o(i) = -30*i**2 + 160*i - 34. Give o(5).
16
Let l(j) = 3*j**2 - 57*j + 109. What is l(2)?
7
Let s(v) = 2*v**2 - 38*v - 38. Calculate s(0).
-38
Let t(q) = -q**3 + 26*q**2 - 35*q - 150. Determine t(25).
-400
Let r(x) = -x**3 - 12*x**2 + 64*x - 1. What is r(-16)?
-1
Let j(y) = 105*y**2 + 91*y - 186. Determine j(2).
416
Let y(w) = -5*w**2 - 6*w - 26. Determine y(-3).
-53
Let o(b) = -1631*b - 13049. Determine o(-8).
-1
Let n(x) = -121*x - 3982. What is n(-32)?
-110
Let p(o) = o**2 + 88*o + 713. What is p(-9)?
2
Let k(y) = -272*y - 9526. What is k(-35)?
-6
Let b(v) = -v**3 + 4*v**2 - 6. Calculate b(6).
-78
Let t(b) = -b**2 + 67*b + 207. What is t(70)?
-3
Let b(o) = -68*o + 161. Calculate b(9).
-451
Let w(k) = 6*k**2 - 578*k + 759. Calculate w(95).
-1
Let n(j) = -j**2 + 5. Calculate n(-3).
-4
Let p(v) = -v**2 - 515*v - 64056. Determine p(-210).
-6
Let m(k) = 4*k + 87. Calculate m(-25).
-13
Let t(k) = -k**3 - 11*k**2 - 33*k. Calculate t(-5).
15
Let i(j) = 2*j**2 + 26*j + 229. Give i(-10).
169
Let d(s) = -992*s - 15933. What is d(-16)?
-61
Let k(s) = -1803*s - 16215. Determine k(-9).
12
Let y(n) = 71*n - 574. Give y(12).
278
Let n(y) = -59*y**2 - 2*y - 4. Calculate n(1).
-65
Let s(o) = -73*o**2 - 15*o - 28. Calculate s(-2).
-290
Let c(v) = -3*v**3 + 10*v**2 - 12*v + 4. Give c(3).
-23
Let w(b) = 3*b**2 + 266*b - 364. What is w(-90)?
-4
Let n(h) = h**3 - 22*h**2 + 67*h + 85. Determine n(18).
-5
Let b(g) = -9*g**2 + 8*g + 17. What is b(-3)?
-88
Let n(d) = -d**3 - 15*d**2 + 172*d - 297. Give n(-23).
-21
Let z(o) = o**3 - 53*o**2 - 226*o - 116. Calculate z(57).
-2
Let z(j) = -j**3 + j - 5. What is z(5)?
-125
Let g(l) = -356*l + 4630. Give g(13).
2
Let d(q) = -q**2 - 140*q - 4639. Calculate d(-86).
5
Let v(f) = -3*f + 70. Calculate v(35).
-35
Let h(y) = -2*y**2 + 98*y + 1825. Give h(-18).
-587
Let n(q) = -11*q - 280. Give n(-27).
17
Let q(c) = -2*c**3 + 79*c**2 - 111*c - 20. What is q(38)?
94
Let i(o) = 2*o**2 - 125*o + 1202. Calculate i(11).
69
Let s(p) = 3*p**2 - 20*p - 175. Give s(-8).
177
Let l(m) = -18*m**2 - 1664*m - 3320. Determine l(-2).
-64
Let o(d) = 46*d - 402. Calculate o(10).
58
Let p(v) = -v**2 - 16*v - 51. Calculate p(-8).
13
Let o(z) = -z**2 + 30*z + 2983. What is o(71)?
72
Let i(d) = 3*d**2 + 20*d - 78. Calculate i(3).
9
Let n(z) = -11*z + 336. What is n(30)?
6
Let g(z) = -z**2 + 183*z - 1231. What is g(7)?
1
Let q(a) = -a**3 - 6*a**2 - 14*a - 46. Determine q(-5).
-1
Let q(u) = 42*u**2 - 363*u - 141. Determine q(9).
-6
Let f(x) = 3039*x - 3053. Calculate f(1).
-14
Let y(t) = 1535*t + 12275. Determine y(-8).
-5
Let i(o) = o**3 + 27*o**2 - 4*o - 311. What is i(-27)?
-203
Let o(r) = 237*r - 9610. Give o(40).
-130
Let v(h) = -h**3 - 23*h**2 - 80*h - 98. Calculate v(-19).
-22
Let h(j) = -j**2 - 21*j - 42. Give h(-13).
62
Let v(t) = 3*t**3 - 28*t**2 + 8*t + 33. What is v(10)?
313
Let s(o) = 12*o - 532. Determine s(46).
20
Let q(z) = 2*z**2 + 23*z - 48. Give q(-12).
-36
Let b(l) = 859*l + 7739. Give b(-9).
8
Let z(x) = 13*x + 171. What is z(0)?
171
Let a(t) = -67*t + 46. What is a(8)?
-490
Let o(u) = -u**3 + 10*u**2 - 667*u + 6657. Determine o(10).
-13
Let b(j) = j**3 - 1237*j**2 - 3715*j + 17. What is b(-3)?
2
Let j(r) = 3*r + 87. Give j(-27).
6
Let m(a) = 12*a - 135. What is m(4)?
-87
Let d(c) = -c**3 - 18*c**2 - 25*c - 30. Calculate d(-16).
-142
Let r(s) = -12*s**2 - 50*s + 20. Give r(4).
-372
Let r(g) = -8*g**2 + 18*g + 6. Determine r(3).
-12
Let v(f) = f**2 - 56*f + 461. Give v(46).
1
Let i(x) = -x**3 + 24*x**2 + 6*x + 187. What is i(25)?
-288
Let j(n) = 2*n**3 - 47*n**2 - 29*n - 48. Calculate j(24).
-168
Let o(d) = d**3 - 26*d**2 + 45*d + 9. Give o(2).
3
Let c(y) = 511*y + 2080. Determine c(-4).
36
Let h(v) = -11*v**2 - 8*v - 25. What is h(-2)?
-53
Let x(y) = -2622*y - 5224. Give x(-2).
20
Let l(z) = -12*z**3 + 7*z**2 + z - 13. Calculate l(3).
-271
Let y(f) = f**3 + 6*f**2 - 56*f - 226. What is y(-8)?
94
Let x(v) = -498*v + 190733. Determine x(383).
-1
Let u(n) = n**2 + 10*n - 111. What is u(11)?
120
Let i(n) = -21*n + 492. Give i(30).
-138
Let o(s) = s**3 + 7*s**2 - 15*s + 25. Determine o(-8).
81
Let d(b) = b**2 - 5*b - 43. Give d(11).
23
Let k(j